5138691.
19, 379, 3491
What are the prime factors of 6435110282?
2, 4759, 676099
What are the prime factors of 43363856?
2, 2710241
What are the prime factors of 886015681?
31, 53, 539267
What are the prime factors of 1008802856?
2, 1319, 95603
List the prime factors of 99143807.
7, 289049
What are the prime factors of 250842407?
1093, 229499
What are the prime factors of 227747497?
41, 157, 35381
List the prime factors of 2304356537.
7, 19, 17325989
What are the prime factors of 35977241?
19, 1893539
List the prime factors of 706724149.
733, 964153
What are the prime factors of 827039528?
2, 7, 17, 868739
What are the prime factors of 4237254?
2, 3, 7, 33629
What are the prime factors of 327043095?
3, 5, 23, 547, 1733
What are the prime factors of 4662645401?
4662645401
What are the prime factors of 1464683309?
23, 29, 191, 11497
What are the prime factors of 1246326?
2, 3, 207721
What are the prime factors of 469834478?
2, 23, 10213793
What are the prime factors of 174073350?
2, 3, 5, 11, 105499
What are the prime factors of 2495554267?
2495554267
List the prime factors of 227238576.
2, 3, 1049, 4513
What are the prime factors of 5533660?
2, 5, 11, 25153
List the prime factors of 35325405.
3, 5, 17, 61, 757
List the prime factors of 118886482.
2, 11, 13, 415687
List the prime factors of 40064888.
2, 5008111
What are the prime factors of 650642623?
650642623
List the prime factors of 1637494634.
2, 818747317
What are the prime factors of 70416301?
70416301
List the prime factors of 41791341.
3, 41, 8287
What are the prime factors of 926077231?
83, 11157557
What are the prime factors of 166986203?
307, 543929
List the prime factors of 310449566.
2, 7, 977, 22697
List the prime factors of 12516708.
2, 3, 733, 1423
List the prime factors of 1174323142.
2, 1097, 535243
What are the prime factors of 429867061?
13, 61, 547, 991
List the prime factors of 158141632.
2, 11, 224633
What are the prime factors of 640879552?
2, 331, 30253
What are the prime factors of 109584434?
2, 149, 367733
What are the prime factors of 34373777?
37, 167, 5563
What are the prime factors of 506822504?
2, 257, 246509
List the prime factors of 533195825.
5, 21327833
List the prime factors of 57293459.
57293459
List the prime factors of 220261874.
2, 7, 15732991
List the prime factors of 207978159.
3, 69326053
What are the prime factors of 168785541?
3, 18753949
List the prime factors of 15302020.
2, 5, 41, 18661
List the prime factors of 188985431.
29, 6516739
List the prime factors of 31059996.
2, 3, 11, 167, 1409
List the prime factors of 31557824.
2, 197, 2503
List the prime factors of 233210.
2, 5, 23321
What are the prime factors of 58034793?
3, 19344931
What are the prime factors of 138390493?
138390493
List the prime factors of 189958787.
29, 6550303
List the prime factors of 197016226.
2, 11, 8955283
List the prime factors of 19445483.
19445483
List the prime factors of 95909323.
95909323
What are the prime factors of 3087653584?
2, 23, 41, 113, 1811
What are the prime factors of 417242038?
2, 208621019
What are the prime factors of 5682420567?
3, 59, 3567119
What are the prime factors of 716010728?
2, 89501341
List the prime factors of 62137292.
2, 7, 79, 4013
List the prime factors of 1764389314.
2, 19051, 46307
List the prime factors of 17677671.
3, 11, 17, 31511
List the prime factors of 3537300635.
5, 11, 61, 1054337
List the prime factors of 4671571420.
2, 5, 19, 113, 108793
What are the prime factors of 2515983196?
2, 67, 9387997
What are the prime factors of 440737073?
7, 62962439
List the prime factors of 337227143.
11, 19, 109, 113, 131
List the prime factors of 335275830.
2, 3, 5, 23, 161969
What are the prime factors of 112919128?
2, 7, 19, 15161
What are the prime factors of 29136124?
2, 23, 316697
List the prime factors of 389812862.
2, 71, 2745161
List the prime factors of 6584171.
11, 113, 5297
List the prime factors of 50765596.
2, 7, 151, 12007
What are the prime factors of 112356177?
3, 19, 1971161
What are the prime factors of 4635051832?
2, 579381479
List the prime factors of 4868252744.
2, 181, 1657, 2029
List the prime factors of 4961184759.
3, 551242751
List the prime factors of 342573710.
2, 5, 461, 74311
What are the prime factors of 1149885042?
2, 3, 191647507
List the prime factors of 1153229301.
3, 7, 19, 50707
What are the prime factors of 164731249?
593, 277793
List the prime factors of 573258838.
2, 4729, 60611
What are the prime factors of 168218719?
109, 1543291
List the prime factors of 4340855804.
2, 1085213951
What are the prime factors of 338066409?
3, 112688803
What are the prime factors of 815249028?
2, 3, 11, 47, 331, 397
What are the prime factors of 77716178?
2, 103, 377263
List the prime factors of 22389666.
2, 3, 13, 287047
What are the prime factors of 208573084?
2, 31, 829, 2029
List the prime factors of 235780409.
235780409
What are the prime factors of 230831097?
3, 7, 29, 379033
List the prime factors of 52009757.
1753, 29669
List the prime factors of 3876026470.
2, 5, 23, 3259, 5171
List the prime factors of 6705638366.
2, 7, 478974169
List the prime factors of 2090694582.
2, 3, 157, 179, 4133
What are the prime factors of 245385971?
127, 431, 4483
List the prime factors of 57010926.
2, 3, 7, 29, 46807
What are the prime factors of 192153619?
7, 59, 71, 6553
What are the prime factors of 1120002522?
2, 3, 89, 2097383
What are the prime factors of 24388455?
3, 5, 7, 13, 17, 1051
What are the prime factors of 145984855?
5, 29196971
What are the prime factors of 3249528457?
7, 113, 643, 6389
What are the prime factors of 427163735?
5, 85432747
List the prime factors of 661990283.
661990283
List the prime factors of 251271586.
2, 125635793
List the prime factors of 48215834.
2, 1039, 23203
What are the prime factors of 18997153?
7, 229, 1693
What are the prime factors of 93251688?
2, 3, 3885487
List the prime factors of 138618686.
2, 69309343
List the prime factors of 22703706.
2, 3, 420439
List the prime factors of 882864682.
2, 7, 1621, 38903
What are the prime factors of 24720523?
24720523
List the prime factors of 1470572338.
2, 41, 17933809
What are the prime factors of 5521182228?
2, 3, 4261, 35993
What are the prime factors of 35794068?
2, 3, 61, 107, 457
What are the prime factors of 6215640734?
2, 19, 163569493
List the prime factors of 2927469735.
3, 5, 21684961
List the prime factors of 2003154051.
3, 61, 113, 157, 617
List the prime factors of 17123081.
53, 323077
What are the prime factors of 66218982?
2, 3, 11036497
What are the prime factors of 52731062?
2, 31, 83, 10247
What are the prime factors of 3501307645?
5, 11, 163, 390553
What are the prime factors of 85649661?
3, 9516629
List the prime factors of 108822011.
108822011
What are the prime factors of 41254192?
2, 7, 337, 1093
What are the prime factors of 3262117681?
197, 1579, 10487
What are the prime factors of 1891106220?
2, 3, 5, 419, 75223
What are the prime factors of 218561915?
5, 11, 13, 239, 1279
What are the prime factors of 249086277?
3, 11, 229, 10987
List the prime factors of 2275828736.
2, 47, 47287
What are the prime factors of 7222221381?
3, 41, 4691, 12517
List the prime factors of 2019897974.
2, 479, 2108453
What are the prime factors of 169423864?
2, 101, 449, 467
List the prime factors of 18954183.
3, 6318061
List the prime factors of 113919785.
5, 7, 73, 44587
What are the prime factors of 301250532?
2, 3, 11, 2282201
List the prime factors of 164678517.
3, 18297613
What are the prime factors of 98145574?
2, 359, 136693
What are the prime factors of 167156500?
2, 5, 7, 163, 293
List the prime factors of 11670112.
2, 364691
List the prime factors of 4456231051.
1901, 2344151
What are the prime factors of 417454944?
2, 3, 4348489
What are the prime factors of 177166393?
19, 9324547
List the prime factors of 603502487.
7, 86214641
List the prime factors of 76745590.
2, 5, 53, 89, 1627
What are the prime factors of 59744217?
3, 13, 461, 3323
What are the prime factors of 3022943758?
2, 1511471879
List the prime factors of 53757352.
2, 11, 610879
What are the prime factors of 270013866?
2, 3, 45002311
What are the prime factors of 91054797?
3, 30351599
What are the prime factors of 4839917?
17, 284701
List the prime factors of